03
List the prime factors of 2847326.
2, 1423663
What are the prime factors of 7110678?
2, 3, 1185113
List the prime factors of 1429792.
2, 7, 13, 491
List the prime factors of 2003447.
2003447
List the prime factors of 79989.
3, 7, 13, 293
What are the prime factors of 623118?
2, 3, 17, 41, 149
List the prime factors of 4997.
19, 263
What are the prime factors of 175923?
3, 11, 1777
List the prime factors of 830237.
830237
What are the prime factors of 16471819?
7, 13, 31, 5839
What are the prime factors of 13850727?
3, 11, 97, 4327
What are the prime factors of 116351?
116351
List the prime factors of 778293.
3, 86477
List the prime factors of 8269531.
17, 486443
List the prime factors of 37990.
2, 5, 29, 131
What are the prime factors of 2733622?
2, 263, 5197
What are the prime factors of 138905?
5, 13, 2137
What are the prime factors of 1206263?
1206263
List the prime factors of 9532051.
23, 37, 487
List the prime factors of 276197.
179, 1543
What are the prime factors of 1151225?
5, 46049
What are the prime factors of 38814?
2, 3, 6469
What are the prime factors of 93746?
2, 19, 2467
List the prime factors of 367710.
2, 3, 5, 7, 17, 103
List the prime factors of 11608742.
2, 5804371
List the prime factors of 1325911.
1325911
List the prime factors of 384429.
3, 127, 1009
List the prime factors of 558440.
2, 5, 23, 607
What are the prime factors of 8414668?
2, 2103667
What are the prime factors of 15434202?
2, 3, 7, 89, 4129
What are the prime factors of 493219?
493219
What are the prime factors of 7433657?
7, 11, 29, 3329
List the prime factors of 18411699.
3, 6137233
List the prime factors of 1045261.
7, 149323
List the prime factors of 259893.
3, 67, 431
List the prime factors of 4109085.
3, 5, 127, 719
List the prime factors of 301413.
3, 7, 31, 463
List the prime factors of 120492.
2, 3, 3347
List the prime factors of 160803.
3, 17, 1051
What are the prime factors of 1314680?
2, 5, 23, 1429
What are the prime factors of 253627?
11, 23057
What are the prime factors of 6917160?
2, 3, 5, 59, 977
What are the prime factors of 281601?
3, 67, 467
List the prime factors of 9709029.
3, 11, 101, 971
List the prime factors of 417577.
417577
What are the prime factors of 13014176?
2, 7, 58099
What are the prime factors of 4790243?
17, 43, 6553
List the prime factors of 164237.
17, 9661
What are the prime factors of 473269?
433, 1093
List the prime factors of 201734.
2, 13, 7759
List the prime factors of 304200.
2, 3, 5, 13
List the prime factors of 1909852.
2, 7, 68209
List the prime factors of 1503741.
3, 251, 1997
List the prime factors of 2149230.
2, 3, 5, 31, 2311
List the prime factors of 2895348.
2, 3, 89, 2711
List the prime factors of 5749453.
29, 198257
What are the prime factors of 4966897?
13, 382069
List the prime factors of 30840.
2, 3, 5, 257
What are the prime factors of 5316209?
5316209
What are the prime factors of 13931608?
2, 1741451
List the prime factors of 14620026.
2, 3, 41, 103, 577
What are the prime factors of 1758408?
2, 3, 41, 1787
What are the prime factors of 166226?
2, 17, 4889
What are the prime factors of 4045024?
2, 19, 6653
What are the prime factors of 2424301?
11, 220391
What are the prime factors of 11647997?
79, 283, 521
What are the prime factors of 829052?
2, 7, 29, 1021
List the prime factors of 9110881.
13, 700837
List the prime factors of 7998.
2, 3, 31, 43
What are the prime factors of 106810?
2, 5, 11, 971
List the prime factors of 21452097.
3, 83, 101, 853
List the prime factors of 500241.
3, 7, 41, 83
What are the prime factors of 154300?
2, 5, 1543
List the prime factors of 1261114.
2, 61, 10337
What are the prime factors of 1673121?
3, 19, 149, 197
List the prime factors of 2752366.
2, 31, 103, 431
List the prime factors of 239136.
2, 3, 47, 53
What are the prime factors of 16336257?
3, 7, 19, 5849
What are the prime factors of 420828?
2, 3, 35069
List the prime factors of 96847.
96847
What are the prime factors of 345359?
7, 103, 479
List the prime factors of 59846.
2, 23, 1301
What are the prime factors of 28340666?
2, 17, 19, 2309
What are the prime factors of 1853817?
3, 7, 12611
List the prime factors of 816062.
2, 13, 31387
List the prime factors of 638788.
2, 159697
What are the prime factors of 7882612?
2, 281, 7013
What are the prime factors of 2772228?
2, 3, 231019
What are the prime factors of 2500598?
2, 17, 73547
What are the prime factors of 76607?
76607
What are the prime factors of 25393?
67, 379
What are the prime factors of 744645?
3, 5, 11, 4513
List the prime factors of 4728004.
2, 331, 3571
List the prime factors of 2444756.
2, 611189
List the prime factors of 402059.
7, 19, 3023
List the prime factors of 825055.
5, 7, 11, 2143
What are the prime factors of 42838?
2, 21419
List the prime factors of 1072420.
2, 5, 29, 43
List the prime factors of 3092029.
61, 173, 293
List the prime factors of 3716518.
2, 13, 223, 641
What are the prime factors of 1885712?
2, 19, 6203
What are the prime factors of 168832?
2, 1319
What are the prime factors of 547632?
2, 3, 3803
What are the prime factors of 2232223?
7, 318889
List the prime factors of 4602973.
31, 148483
List the prime factors of 14506184.
2, 7, 11, 23549
What are the prime factors of 2976583?
2976583
List the prime factors of 14857571.
89, 139, 1201
What are the prime factors of 728921?
728921
What are the prime factors of 599875?
5, 4799
What are the prime factors of 39504?
2, 3, 823
List the prime factors of 1278626.
2, 31, 41, 503
What are the prime factors of 1038027?
3, 19, 18211
What are the prime factors of 2837087?
11, 23447
List the prime factors of 419693.
419693
List the prime factors of 161940.
2, 3, 5, 2699
What are the prime factors of 28738519?
31, 927049
What are the prime factors of 3471239?
271, 12809
List the prime factors of 19841644.
2, 1523, 3257
List the prime factors of 2220726.
2, 3, 370121
What are the prime factors of 2712776?
2, 11, 29, 1063
What are the prime factors of 196305?
3, 5, 23, 569
What are the prime factors of 1873863?
3, 208207
List the prime factors of 429681.
3, 7, 37, 79
List the prime factors of 152242.
2, 163, 467
List the prime factors of 414311.
414311
What are the prime factors of 62791?
62791
What are the prime factors of 11633?
11633
List the prime factors of 5962577.
5962577
List the prime factors of 6774200.
2, 5, 33871
List the prime factors of 419006.
2, 7, 173
List the prime factors of 2969656.
2, 317, 1171
List the prime factors of 3044181.
3, 7, 144961
What are the prime factors of 801851?
131, 6121
What are the prime factors of 246552?
2, 3, 10273
What are the prime factors of 4010423?
4010423
List the prime factors of 622571.
622571
List the prime factors of 451152.
2, 3, 13, 241
List the prime factors of 4909874.
2, 29, 84653
What are the prime factors of 1631116?
2, 17, 83
List the prime factors of 9709406.
2, 7, 693529
What are the prime factors of 311654?
2, 7, 113, 197
List the prime factors of 20125819.
7, 410731
What are the prime factors of 576237?
3, 401, 479
What are the prime factors of 11587364?
2, 37, 59, 1327
What are the prime factors of 704937?
3, 234979
List the prime factors of 271198.
2, 135599
List the prime factors of 3520697.
3520697
List the prime factors of 10779994.
2, 5389997
List the prime factors of 1155417.
3, 385139
List the prime factors of 16647639.
3, 5549213
List the prime factors of 7146309.
3, 2382103
List the prime factors of 194263.
194263
List the prime factors of 20805868.
2, 5201467
List the prime factors of 1141.
7, 163
List the prime factors of 480934.
2, 31, 7757
What are the prime factors of 1668461?
59, 28279
List the prime factors of 2588516.
2, 7, 193, 479
What are the prime factors of 4356928?
2, 19, 3583
List the prime factors of 5366724.
2, 3, 11, 109, 373
What are the prime factors of 159483?
3, 53161
List the prime factors of 13240941.
3, 7, 630521
List the prime factors of 2765218.
2, 1382609
List the prime factors of 689141.
689141
What are the prime factors of 3494276?
2, 873569
List the prime factors of 3123291.
3, 17, 47, 1303
List the prime factors of 2989535.
5, 17, 35171
What are the prime factors of 285354?
2, 3, 83, 191
List the prime factors of 58303.
7, 8329
List the prime factors of 1256686.
2, 29